{"id":5717,"date":"2020-06-26T12:42:25","date_gmt":"2020-06-26T09:42:25","guid":{"rendered":"https:\/\/www.psg-caps.com\/school\/?page_id=5717"},"modified":"2021-05-04T21:11:18","modified_gmt":"2021-05-04T18:11:18","slug":"turquest-family-career-and-occupation-selection-workshop","status":"publish","type":"page","link":"https:\/\/www.psg-caps.com\/school\/en\/turquest-family-career-and-occupation-selection-workshop\/","title":{"rendered":"TurQuest Family Career and Occupation Selection Workshop"},"content":{"rendered":"\t<section class=\"section\" id=\"section_1797612254\">\n\t\t<div class=\"bg section-bg fill bg-fill  bg-loaded\" >\n\n\t\t\t\n\t\t\t\n\t\t\t\n\n\t\t<\/div>\n\n\t\t<div class=\"section-content relative\">\n\t\t\t\n<div class=\"row align-center\"  id=\"row-177855848\">\n\n\t<div id=\"col-904588182\" class=\"col medium-8 small-12 large-8\"  >\n\t\t<div class=\"col-inner text-center\"  >\n\t\t\t\n\t\t\t\n  <div id=\"page-header-257160176\" class=\"page-header-wrapper\">\n  <div class=\"page-title dark simple-title\">\n\n    \n    <div class=\"page-title-inner container align-center text-center flex-row-col medium-flex-wrap\" >\n              <div class=\"title-wrapper flex-col\">\n          <h1 class=\"entry-title mb-0\">\n            TurQuest Family Career and Occupation Selection Workshop          <\/h1>\n        <\/div>\n                    <div class=\"title-content flex-col\">\n        <div class=\"title-breadcrumbs pb-half pt-half\"><\/div>      <\/div>\n    <\/div>\n\n       <\/div>\n    <\/div>\n  \n\t\t<\/div>\n\t\t\t<\/div>\n\n\t\n<\/div>\n<div class=\"row align-middle align-center\"  id=\"row-720694922\">\n\n\t<div id=\"col-1990167493\" class=\"col medium-3 small-12 large-3\"  >\n\t\t<div class=\"col-inner text-center\"  >\n\t\t\t\n\t\t\t\n\n\t<a class=\"plain\" href=\"https:\/\/www.psg-caps.com\/school\/en\/inventories\/#mentalpreparation\" target=\"_blank\" rel=\"noopener noreferrer\" >\t<div class=\"icon-box featured-box yatayiconbox icon-box-left text-left\"  >\n\t\t\t\t\t<div class=\"icon-box-img\" style=\"width: 40px\">\n\t\t\t\t<div class=\"icon\">\n\t\t\t\t\t<div class=\"icon-inner\" >\n\t\t\t\t\t\t<img width=\"350\" height=\"350\" src=\"https:\/\/www.psg-caps.com\/school\/wp-content\/uploads\/2020\/05\/ZIHINSEL_HAZIRLIK.png\" class=\"attachment-medium size-medium\" alt=\"\" loading=\"lazy\" srcset=\"https:\/\/www.psg-caps.com\/school\/wp-content\/uploads\/2020\/05\/ZIHINSEL_HAZIRLIK.png 350w, https:\/\/www.psg-caps.com\/school\/wp-content\/uploads\/2020\/05\/ZIHINSEL_HAZIRLIK-280x280.png 280w\" sizes=\"(max-width: 350px) 100vw, 350px\" \/>\t\t\t\t\t<\/div>\n\t\t\t\t<\/div>\n\t\t\t<\/div>\n\t\t\t\t<div class=\"icon-box-text last-reset\">\n\t\t\t\t\t\t\t\t\t\n\t<div id=\"gap-1090889593\" class=\"gap-element clearfix\" style=\"display:block; height:auto;\">\n\t\t\n<style>\n#gap-1090889593 {\n  padding-top: 12px;\n}\n<\/style>\n\t<\/div>\n\t\n<h6><span style=\"color: #013c76;\">Mental Preparation<\/span><\/h6>\n\t\t<\/div>\n\t<\/div>\n\t<\/a>\n\t\n\t\t<\/div>\n\t\t\t<\/div>\n\n\t\n\n\t<div id=\"col-1316050414\" class=\"col medium-3 small-12 large-3\"  >\n\t\t<div class=\"col-inner text-center\"  >\n\t\t\t\n\t\t\t\n\n\t<a class=\"plain\" href=\"https:\/\/www.psg-caps.com\/school\/en\/inventories\/#turquest\" target=\"_blank\" rel=\"noopener noreferrer\" >\t<div class=\"icon-box featured-box yatayiconbox icon-box-left text-left\"  >\n\t\t\t\t\t<div class=\"icon-box-img\" style=\"width: 40px\">\n\t\t\t\t<div class=\"icon\">\n\t\t\t\t\t<div class=\"icon-inner\" >\n\t\t\t\t\t\t<img width=\"351\" height=\"350\" src=\"https:\/\/www.psg-caps.com\/school\/wp-content\/uploads\/2020\/05\/TURQUEST.png\" class=\"attachment-medium size-medium\" alt=\"\" loading=\"lazy\" srcset=\"https:\/\/www.psg-caps.com\/school\/wp-content\/uploads\/2020\/05\/TURQUEST.png 351w, https:\/\/www.psg-caps.com\/school\/wp-content\/uploads\/2020\/05\/TURQUEST-280x280.png 280w\" sizes=\"(max-width: 351px) 100vw, 351px\" \/>\t\t\t\t\t<\/div>\n\t\t\t\t<\/div>\n\t\t\t<\/div>\n\t\t\t\t<div class=\"icon-box-text last-reset\">\n\t\t\t\t\t\t\t\t\t\n\t<div id=\"gap-2029306038\" class=\"gap-element clearfix\" style=\"display:block; height:auto;\">\n\t\t\n<style>\n#gap-2029306038 {\n  padding-top: 12px;\n}\n<\/style>\n\t<\/div>\n\t\n<h6><span style=\"color: #711b38;\">TurQuest<\/span><\/h6>\n\t\t<\/div>\n\t<\/div>\n\t<\/a>\n\t\n\t\t<\/div>\n\t\t\t<\/div>\n\n\t\n\n\t<div id=\"col-1611255415\" class=\"col medium-3 small-12 large-3\"  >\n\t\t<div class=\"col-inner text-center\"  >\n\t\t\t\n\t\t\t\n\n\t<a class=\"plain\" href=\"https:\/\/www.psg-caps.com\/school\/en\/inventories\/#aptitude\" target=\"_blank\" rel=\"noopener noreferrer\" >\t<div class=\"icon-box featured-box yatayiconbox icon-box-left text-left\"  >\n\t\t\t\t\t<div class=\"icon-box-img\" style=\"width: 40px\">\n\t\t\t\t<div class=\"icon\">\n\t\t\t\t\t<div class=\"icon-inner\" >\n\t\t\t\t\t\t<img width=\"350\" height=\"350\" src=\"https:\/\/www.psg-caps.com\/school\/wp-content\/uploads\/2020\/05\/CAMBRIDGE.png\" class=\"attachment-medium size-medium\" alt=\"\" loading=\"lazy\" srcset=\"https:\/\/www.psg-caps.com\/school\/wp-content\/uploads\/2020\/05\/CAMBRIDGE.png 350w, https:\/\/www.psg-caps.com\/school\/wp-content\/uploads\/2020\/05\/CAMBRIDGE-280x280.png 280w\" sizes=\"(max-width: 350px) 100vw, 350px\" \/>\t\t\t\t\t<\/div>\n\t\t\t\t<\/div>\n\t\t\t<\/div>\n\t\t\t\t<div class=\"icon-box-text last-reset\">\n\t\t\t\t\t\t\t\t\t\n\t<div id=\"gap-1872274152\" class=\"gap-element clearfix\" style=\"display:block; height:auto;\">\n\t\t\n<style>\n#gap-1872274152 {\n  padding-top: 12px;\n}\n<\/style>\n\t<\/div>\n\t\n<h6><span style=\"color: #219d95;\">Aptitude<\/span><\/h6>\n\t\t<\/div>\n\t<\/div>\n\t<\/a>\n\t\n\t\t<\/div>\n\t\t\t<\/div>\n\n\t\n<\/div>\n\t\t<\/div>\n\n\t\t\n<style>\n#section_1797612254 {\n  padding-top: 77px;\n  padding-bottom: 77px;\n  background-color: rgb(113, 27, 56);\n}\n<\/style>\n\t<\/section>\n\t\n\t<section class=\"section\" id=\"section_151888734\">\n\t\t<div class=\"bg section-bg fill bg-fill  bg-loaded\" >\n\n\t\t\t\n\t\t\t\n\t\t\t\n\n\t\t<\/div>\n\n\t\t<div class=\"section-content relative\">\n\t\t\t\n<div class=\"row\"  id=\"row-1715182205\">\n\n\t<div id=\"col-986889272\" class=\"col small-12 large-12\"  >\n\t\t<div class=\"col-inner\"  >\n\t\t\t\n\t\t\t\n<div class=\"row row-collapse\"  id=\"row-1220189833\">\n\n\t<div id=\"col-1096079602\" class=\"col medium-9 small-12 large-9\"  >\n\t\t<div class=\"col-inner\"  >\n\t\t\t\n\t\t\t\n\t<div id=\"gap-1361641384\" class=\"gap-element clearfix\" style=\"display:block; height:auto;\">\n\t\t\n<style>\n#gap-1361641384 {\n  padding-top: 34px;\n}\n<\/style>\n\t<\/div>\n\t\n<p>Not right but <strong>suitable<\/strong>:<\/p>\n<ul>\n<li>Subjects<\/li>\n<li>Degree<\/li>\n<li>Occupation<\/li>\n<li>Career<\/li>\n<\/ul>\n<p><b>Aims of the Workshop:<\/b><\/p>\n<p>This workshop enables families who prefer to make their decisions as a team, are open to cooperation and communication to consider the career decision making process from a scientific perspective. Family members discuss their answers to the questions in an open and safe environment with the presence of a career counsellor. Families evaluate where the student stand in relation to preparation to career planning and future adaptability processes. Hence, a basis is formed to meet on a common ground based on the facts which is essential for realistic career planning. Transformation of abstract concepts to concrete strategies and behaviours is discussed.<\/p>\n<p><strong>Workshop Outcomes:\u00a0<\/strong><\/p>\n<ul>\n<li>They examine the internal and external factors by focusing on the small details in big picture.<\/li>\n<li>They work on the internal factors such as instincts, needs, emotions, beliefs and values that unconsciously affect decisions.<\/li>\n<li>They list the career areas, occupations, and university degrees in line with their interests provided in the TurQuest inventory.<\/li>\n<li>Based on the suggestions in the report, students select their course or IB subjects if they have not already been selected.<\/li>\n<li>They learn their aptitudes, areas to improve and which aptitudes are required in different occupations through Aptitude Inventory.<\/li>\n<li>They realise their interest that they have not been aware of and match them with careers\/occupations.<\/li>\n<li>Through TurQuest, students learn that interest in a certain occupation is not sufficient for happiness, but they also need to be interested in the supporting areas. For instance, interest in fashion design may be 100% but lower interest in the supporting areas such as information technologies or retail\/buying\/selling can decrease the overall match to fashion design to 50%. Knowing this which planning the career is vital to prevent the disappointment in the long run and making the required preparations.<\/li>\n<li>Students gain knowledge about the sectors, organisational structures (manager, expert, administrative staff etc.) and sectoral values.<\/li>\n<li>They evaluate different options such as minor, major etc. From a multidisciplinary perspective and make short-medium-and long-term action plans.<\/li>\n<li>They clarify the topics to research and get consultation from others.<\/li>\n<li>They learn the occupations which intersect different career areas (For instance, biomedical engineering which combines medicine and engineering).<\/li>\n<li>They instantly access the TurQuest report and matching career areas via the app until students are 24 years old.<\/li>\n<\/ul>\n<p><b>Not: <\/b>Participants receive CAPS Career and Occupation Choice participation document after completion of the workshop.<\/p>\n\t\t<\/div>\n\t\t\t<\/div>\n\n\t\n\n\t<div id=\"col-1176165955\" class=\"col medium-3 small-12 large-3\"  >\n\t\t<div class=\"col-inner box-shadow-1\" style=\"background-color:rgb(255, 255, 255);\" >\n\t\t\t\n\t\t\t\n<p><b>Who Can Enrol?: <\/b>Year 10-11-12 students and their parents<\/p>\n<p><strong>Duration:<\/strong> One Day<\/p>\n<p><strong>Location:<\/strong>\u00a0CAPS Education Office, Varyap Grand Tower A Blok D:11 Bat\u0131 Ata\u015fehir, \u0130stanbul<\/p>\n<p><b>Inventories: <\/b>Mental Preparation, TurQuest Career and Occupation Selection Inventory, Aptitude Inventory<\/p>\n<div>Please contact us for online dates of the programme.<\/div>\n\t<div id=\"gap-1305076759\" class=\"gap-element clearfix\" style=\"display:block; height:auto;\">\n\t\t\n<style>\n#gap-1305076759 {\n  padding-top: 30px;\n}\n<\/style>\n\t<\/div>\n\t\n<a href=\"tel:02165149807\" target=\"_self\" class=\"button alert lowercase expand\"  style=\"border-radius:6px;\">\n    <span>CALL<\/span>\n  <i class=\"icon-phone\" ><\/i><\/a>\n\n<a href=\"#bilgial\" target=\"_self\" class=\"button alert expand\"  style=\"border-radius:6px;\">\n    <span>E-MAIL<\/span>\n  <i class=\"icon-envelop\" ><\/i><\/a>\n\n\t\t<\/div>\n\t\t\n<style>\n#col-1176165955 > .col-inner {\n  padding: 10px 10px 10px 10px;\n}\n<\/style>\n\t<\/div>\n\n\t\n<\/div>\n\t\t<\/div>\n\t\t\t<\/div>\n\n\t\n<\/div>\n\t\t<\/div>\n\n\t\t\n<style>\n#section_151888734 {\n  padding-top: 30px;\n  padding-bottom: 30px;\n  background-color: rgb(243, 243, 243);\n}\n<\/style>\n\t<\/section>\n\t\n<span class=\"scroll-to\" data-label=\"Scroll to: #bilgial\" data-bullet=\"false\" data-link=\"#bilgial\" data-title=\"bilgial\"><a name=\"bilgial\"><\/a><\/span>\n\t<section class=\"section\" id=\"section_958516768\">\n\t\t<div class=\"bg section-bg fill bg-fill  bg-loaded\" >\n\n\t\t\t\n\t\t\t\n\t\t\t\n\n\t\t<\/div>\n\n\t\t<div class=\"section-content relative\">\n\t\t\t\n<div class=\"row\"  id=\"row-1049523512\">\n\n\t<div id=\"col-90289542\" class=\"col small-12 large-12\"  >\n\t\t<div class=\"col-inner\"  >\n\t\t\t\n\t\t\t\n<h4>Questions and Comments<\/h4>\n<p>Please send your questions and comments about our trainings and seminars<br \/>\n<style type=\"text\/css\">.super-form-5921 > * {visibility:hidden;}<\/style><div id=\"super-form-5921\" style=\"margin:0px 0px 0px 0px;\" class=\"super-form super-form-5921 style-default super-field-size-large\" data-hide=\"true\" data-overlay=\"true\" data-field-size=\"large\"><form autocomplete=\"on\" enctype=\"multipart\/form-data\"><input type=\"hidden\" name=\"super_ajax_nonce\" value=\"16812e919b\" \/><input type=\"text\" name=\"super_hp\" size=\"25\" value=\"\" \/><div class=\"super-shortcode super-field super-hidden\"><input class=\"super-shortcode-field\" type=\"hidden\" value=\"5921\" name=\"hidden_form_id\" \/><\/div><div class=\"super-grid super-shortcode\"><div class=\"super-shortcode super_one_full super-column column-number-1 grid-level-0 first-column \"><div class=\"super-grid super-shortcode\"><div class=\"super-shortcode super_one_half super-column column-number-1 grid-level-1 first-column \"><div class=\"super-shortcode super-field super-text  super-ungrouped  \"><div class=\"super-field-wrapper \"><input class=\"super-shortcode-field\" type=\"text\" name=\"isim\" data-validation=\"empty\" data-email=\"\u0130sim:\" data-absolute-default=\"\" data-default-value=\"\" placeholder=\"Name:*\" \/><\/div><div class=\"super-error-msg\">Alan gereklidir!<\/div><div class=\"super-empty-error-msg\">Alan gereklidir!<\/div><\/div><\/div><div class=\"super-shortcode super_one_half super-column column-number-2 grid-level-1  \"><div class=\"super-shortcode super-field super-text  super-ungrouped  \"><div class=\"super-field-wrapper \"><input class=\"super-shortcode-field\" type=\"text\" name=\"soyisim\" data-validation=\"empty\" data-email=\"Soyisim:\" data-absolute-default=\"\" data-default-value=\"\" placeholder=\"Surname:*\" \/><\/div><div class=\"super-error-msg\">Alan gereklidir!<\/div><div class=\"super-empty-error-msg\">Alan gereklidir!<\/div><\/div><\/div><\/div><\/div><\/div><div class=\"super-grid super-shortcode\"><div class=\"super-shortcode super_one_full super-column column-number-1 grid-level-0 first-column \"><div class=\"super-shortcode super-field super-text  super-ungrouped  \"><div class=\"super-field-wrapper \"><input class=\"super-shortcode-field\" type=\"tel\" name=\"phonenumber\" data-validation=\"phone\" data-email=\"Telefon:\" data-absolute-default=\"\" data-default-value=\"\" placeholder=\"Phone Number:*\" \/><\/div><div class=\"super-error-msg\">Alan gereklidir!<\/div><div class=\"super-empty-error-msg\">Alan gereklidir!<\/div><\/div><div class=\"super-shortcode super-field super-text  super-ungrouped  \"><div class=\"super-field-wrapper \"><input class=\"super-shortcode-field\" type=\"email\" name=\"e-mail\" data-validation=\"email\" data-email=\"E-mail:\" data-absolute-default=\"\" data-default-value=\"\" placeholder=\"E-mail:*\" \/><\/div><div class=\"super-error-msg\">Alan gereklidir!<\/div><div class=\"super-empty-error-msg\">Alan gereklidir!<\/div><\/div><div class=\"super-shortcode super-field super-textarea  super-ungrouped  \"><div class=\"super-field-wrapper \"><textarea class=\"super-shortcode-field\" name=\"question\" data-validation=\"empty\" data-email=\"Mesaj\u0131n\u0131z:\" data-absolute-default=\"\" data-default-value=\"\" placeholder=\"Message:*\" ><\/textarea><\/div><div class=\"super-error-msg\">Alan gereklidir!<\/div><div class=\"super-empty-error-msg\">Alan gereklidir!<\/div><\/div><div class=\"super-shortcode super-field super-hidden super-filled  super-ungrouped   hidden\"><input class=\"super-shortcode-field\" type=\"hidden\" name=\"sayfa\" value=\"TurQuest Family Career and Occupation Selection Workshop - https:\/\/www.psg-caps.com\/school\/en\/turquest-family-career-and-occupation-selection-workshop\/\" data-default-value=\"TurQuest Family Career and Occupation Selection Workshop - https:\/\/www.psg-caps.com\/school\/en\/turquest-family-career-and-occupation-selection-workshop\/\" data-absolute-default=\"TurQuest Family Career and Occupation Selection Workshop - https:\/\/www.psg-caps.com\/school\/en\/turquest-family-career-and-occupation-selection-workshop\/\" data-email=\"Sayfa:\" \/><\/div><\/div><\/div><div data-color=\"#013c76\" data-light=\"#15508a\" data-dark=\"#001e58\" data-hover-color=\"#444444\" data-hover-light=\"#585858\" data-hover-dark=\"#262626\" data-font=\"#ffffff\" data-font-hover=\"#ffffff\" data-radius=\"square\" data-type=\"flat\" class=\"super-extra-shortcode super-shortcode super-field super-form-button super-clear-none super-button super-radius-square super-type-flat super-button-medium super-button-align-center super-button-width-auto\"><div data-href=\"\" class=\"super-button-wrap no_link\"><div class=\"super-button-name\" data-action=\"submit\" data-normal=\"Submit\" data-loading=\"Submitting...\">Submit<\/div><span class=\"super-after\"><\/span><\/div><\/div><\/form><span class=\"super-load-icon\"><\/span><\/div>\n\t\t<\/div>\n\t\t\t<\/div>\n\n\t\n<\/div>\n\t\t<\/div>\n\n\t\t\n<style>\n#section_958516768 {\n  padding-top: 30px;\n  padding-bottom: 30px;\n}\n<\/style>\n\t<\/section>\n\t\n","protected":false},"excerpt":{"rendered":"","protected":false},"author":7,"featured_media":0,"parent":0,"menu_order":0,"comment_status":"closed","ping_status":"closed","template":"page-blank.php","meta":[],"_links":{"self":[{"href":"https:\/\/www.psg-caps.com\/school\/wp-json\/wp\/v2\/pages\/5717"}],"collection":[{"href":"https:\/\/www.psg-caps.com\/school\/wp-json\/wp\/v2\/pages"}],"about":[{"href":"https:\/\/www.psg-caps.com\/school\/wp-json\/wp\/v2\/types\/page"}],"author":[{"embeddable":true,"href":"https:\/\/www.psg-caps.com\/school\/wp-json\/wp\/v2\/users\/7"}],"replies":[{"embeddable":true,"href":"https:\/\/www.psg-caps.com\/school\/wp-json\/wp\/v2\/comments?post=5717"}],"version-history":[{"count":7,"href":"https:\/\/www.psg-caps.com\/school\/wp-json\/wp\/v2\/pages\/5717\/revisions"}],"predecessor-version":[{"id":7779,"href":"https:\/\/www.psg-caps.com\/school\/wp-json\/wp\/v2\/pages\/5717\/revisions\/7779"}],"wp:attachment":[{"href":"https:\/\/www.psg-caps.com\/school\/wp-json\/wp\/v2\/media?parent=5717"}],"curies":[{"name":"wp","href":"https:\/\/api.w.org\/{rel}","templated":true}]}}