{"id":8881,"date":"2020-06-04T15:55:43","date_gmt":"2020-06-04T12:55:43","guid":{"rendered":"https:\/\/www.psg-caps.com\/student\/?page_id=8881"},"modified":"2020-07-29T13:04:05","modified_gmt":"2020-07-29T10:04:05","slug":"stepping-confidently-into-professional-life-by-making-suitable-decisions","status":"publish","type":"page","link":"https:\/\/www.psg-caps.com\/student\/en\/stepping-confidently-into-professional-life-by-making-suitable-decisions\/","title":{"rendered":"Stepping Confidently into Professional Life By Making Suitable Decisions"},"content":{"rendered":"\t<section class=\"section\" id=\"section_580337958\">\n\t\t<div class=\"bg section-bg fill bg-fill  bg-loaded\" >\n\n\t\t\t\n\t\t\t\n\t\t\t\n\n\t\t<\/div>\n\n\t\t<div class=\"section-content relative\">\n\t\t\t\n<div class=\"row align-center\"  id=\"row-1952794051\">\n\n\t<div id=\"col-1398854103\" class=\"col medium-10 small-12 large-10\"  >\n\t\t<div class=\"col-inner text-center\"  >\n\t\t\t\n\t\t\t\n  <div id=\"page-header-1708763854\" class=\"page-header-wrapper\">\n  <div class=\"page-title dark simple-title\">\n\n    \n    <div class=\"page-title-inner container align-center text-center flex-row-col medium-flex-wrap\" >\n              <div class=\"title-wrapper flex-col\">\n          <h1 class=\"entry-title mb-0\">\n            Stepping Confidently into Professional Life By Making Suitable Decisions          <\/h1>\n        <\/div>\n                    <div class=\"title-content flex-col\">\n        <div class=\"title-breadcrumbs pb-half pt-half\"><\/div>      <\/div>\n    <\/div>\n\n       <\/div>\n    <\/div>\n  \n\t\t<\/div>\n\t\t\t<\/div>\n\n\t\n<\/div>\n<div class=\"row align-center\"  id=\"row-481827137\">\n\n\t<div id=\"col-1450785113\" class=\"col medium-3 small-12 large-3\"  >\n\t\t<div class=\"col-inner text-center\"  >\n\t\t\t\n\t\t\t\n\n\t<a class=\"plain\" href=\"https:\/\/www.psg-caps.com\/student\/en\/caps-modules-and-outcomes\/#aswebegin\" target=\"_blank\" rel=\"noopener noreferrer\" >\t<div class=\"icon-box featured-box yatayiconbox icon-box-left text-left\"  >\n\t\t\t\t\t<div class=\"icon-box-img\" style=\"width: 40px\">\n\t\t\t\t<div class=\"icon\">\n\t\t\t\t\t<div class=\"icon-inner\" >\n\t\t\t\t\t\t<img width=\"351\" height=\"350\" src=\"https:\/\/www.psg-caps.com\/student\/wp-content\/uploads\/2020\/05\/BASLARKEN.png\" class=\"attachment-medium size-medium\" alt=\"\" decoding=\"async\" loading=\"lazy\" srcset=\"https:\/\/www.psg-caps.com\/student\/wp-content\/uploads\/2020\/05\/BASLARKEN.png 351w, https:\/\/www.psg-caps.com\/student\/wp-content\/uploads\/2020\/05\/BASLARKEN-280x280.png 280w\" sizes=\"(max-width: 351px) 100vw, 351px\" \/>\t\t\t\t\t<\/div>\n\t\t\t\t<\/div>\n\t\t\t<\/div>\n\t\t\t\t<div class=\"icon-box-text last-reset\">\n\t\t\t\t\t\t\t\t\t\n\t<div id=\"gap-1542083741\" class=\"gap-element clearfix\" style=\"display:block; height:auto;\">\n\t\t\n<style>\n#gap-1542083741 {\n  padding-top: 12px;\n}\n<\/style>\n\t<\/div>\n\t\n<h6 style=\"text-align: left;\"><span style=\"color: #711b38;\">As We Begin<\/span><\/h6>\n\t\t<\/div>\n\t<\/div>\n\t<\/a>\n\t\n\t\t<\/div>\n\t\t\n<style>\n#col-1450785113 > .col-inner {\n  margin: 0px 0px 0px 20px;\n}\n<\/style>\n\t<\/div>\n\n\t\n\n\t<div id=\"col-582899472\" class=\"col medium-3 small-12 large-3\"  >\n\t\t<div class=\"col-inner text-center\"  >\n\t\t\t\n\t\t\t\n\n\t<a class=\"plain\" href=\"https:\/\/www.psg-caps.com\/student\/en\/caps-modules-and-outcomes\/#whoisincontrol\" target=\"_blank\" rel=\"noopener noreferrer\" >\t<div class=\"icon-box featured-box yatayiconbox icon-box-left text-left\"  >\n\t\t\t\t\t<div class=\"icon-box-img\" style=\"width: 40px\">\n\t\t\t\t<div class=\"icon\">\n\t\t\t\t\t<div class=\"icon-inner\" >\n\t\t\t\t\t\t<img width=\"350\" height=\"350\" src=\"https:\/\/www.psg-caps.com\/student\/wp-content\/uploads\/2020\/05\/KONTROL_KIMDE.png\" class=\"attachment-medium size-medium\" alt=\"\" decoding=\"async\" loading=\"lazy\" srcset=\"https:\/\/www.psg-caps.com\/student\/wp-content\/uploads\/2020\/05\/KONTROL_KIMDE.png 350w, https:\/\/www.psg-caps.com\/student\/wp-content\/uploads\/2020\/05\/KONTROL_KIMDE-280x280.png 280w\" sizes=\"(max-width: 350px) 100vw, 350px\" \/>\t\t\t\t\t<\/div>\n\t\t\t\t<\/div>\n\t\t\t<\/div>\n\t\t\t\t<div class=\"icon-box-text last-reset\">\n\t\t\t\t\t\t\t\t\t\n\t<div id=\"gap-976343985\" class=\"gap-element clearfix\" style=\"display:block; height:auto;\">\n\t\t\n<style>\n#gap-976343985 {\n  padding-top: 12px;\n}\n<\/style>\n\t<\/div>\n\t\n<h6 style=\"text-align: left;\"><span style=\"color: #3fa537;\">Who Is In Control<\/span><\/h6>\n\t\t<\/div>\n\t<\/div>\n\t<\/a>\n\t\n\t\t<\/div>\n\t\t\n<style>\n#col-582899472 > .col-inner {\n  margin: 0px 0px 0px 20px;\n}\n<\/style>\n\t<\/div>\n\n\t\n\n\t<div id=\"col-1395657141\" class=\"col medium-3 small-12 large-3\"  >\n\t\t<div class=\"col-inner text-center\"  >\n\t\t\t\n\t\t\t\n\n\t<a class=\"plain\" href=\"https:\/\/www.psg-caps.com\/student\/en\/caps-modules-and-outcomes\/#mindsets\" target=\"_blank\" rel=\"noopener noreferrer\" >\t<div class=\"icon-box featured-box yatayiconbox icon-box-left text-left\"  >\n\t\t\t\t\t<div class=\"icon-box-img\" style=\"width: 40px\">\n\t\t\t\t<div class=\"icon\">\n\t\t\t\t\t<div class=\"icon-inner\" >\n\t\t\t\t\t\t<img width=\"349\" height=\"349\" src=\"https:\/\/www.psg-caps.com\/student\/wp-content\/uploads\/2020\/05\/ZIHIN_YAPILARI.png\" class=\"attachment-medium size-medium\" alt=\"\" decoding=\"async\" loading=\"lazy\" srcset=\"https:\/\/www.psg-caps.com\/student\/wp-content\/uploads\/2020\/05\/ZIHIN_YAPILARI.png 349w, https:\/\/www.psg-caps.com\/student\/wp-content\/uploads\/2020\/05\/ZIHIN_YAPILARI-280x280.png 280w\" sizes=\"(max-width: 349px) 100vw, 349px\" \/>\t\t\t\t\t<\/div>\n\t\t\t\t<\/div>\n\t\t\t<\/div>\n\t\t\t\t<div class=\"icon-box-text last-reset\">\n\t\t\t\t\t\t\t\t\t\n\t<div id=\"gap-2046814768\" class=\"gap-element clearfix\" style=\"display:block; height:auto;\">\n\t\t\n<style>\n#gap-2046814768 {\n  padding-top: 12px;\n}\n<\/style>\n\t<\/div>\n\t\n<h6 style=\"text-align: left;\"><span style=\"color: #4a4697;\">Mindsets<\/span><\/h6>\n\t\t<\/div>\n\t<\/div>\n\t<\/a>\n\t\n\t\t<\/div>\n\t\t\n<style>\n#col-1395657141 > .col-inner {\n  margin: 0px 0px 0px 20px;\n}\n<\/style>\n\t<\/div>\n\n\t\n<\/div>\n\t\t<\/div>\n\n\t\t\n<style>\n#section_580337958 {\n  padding-top: 57px;\n  padding-bottom: 57px;\n  background-color: rgb(209, 55, 29);\n}\n<\/style>\n\t<\/section>\n\t\n\t<section class=\"section\" id=\"section_351319958\">\n\t\t<div class=\"bg section-bg fill bg-fill  bg-loaded\" >\n\n\t\t\t\n\t\t\t\n\t\t\t\n\n\t\t<\/div>\n\n\t\t<div class=\"section-content relative\">\n\t\t\t\n<div class=\"row\"  id=\"row-739835084\">\n\n\t<div id=\"col-938917571\" class=\"col small-12 large-12\"  >\n\t\t<div class=\"col-inner\"  >\n\t\t\t\n\t\t\t\n<div class=\"row row-collapse\"  id=\"row-519368866\">\n\n\t<div id=\"col-807090247\" class=\"col medium-9 small-12 large-9\"  >\n\t\t<div class=\"col-inner\"  >\n\t\t\t\n\t\t\t\n\t<div id=\"gap-859220043\" class=\"gap-element clearfix\" style=\"display:block; height:auto;\">\n\t\t\n<style>\n#gap-859220043 {\n  padding-top: 34px;\n}\n<\/style>\n\t<\/div>\n\t\n<p><strong>Aims of the Workshop:<\/strong><\/p>\n<p>Participants make steps towards developing resilience in order to overcome the challenges and uncertainty of the job application process. They learn to understand themselves, and thereby adapt effectively to professional life.<\/p>\n<p><b>Workshop Outcomes:<\/b><\/p>\n<ul>\n<li style=\"font-weight: 400;\"><span style=\"font-weight: 400;\">To understand the effect of physiology, instincts, needs, emotions, beliefs, values and abilities on decisions.<\/span><\/li>\n<li style=\"font-weight: 400;\"><span style=\"font-weight: 400;\">To identify the impact of developing a positive attitude when starting professional life as well as the role of taking responsibility in nurturing happiness and success.<\/span><\/li>\n<li style=\"font-weight: 400;\"><span style=\"font-weight: 400;\">To identify the factors affecting anxiety.<\/span><\/li>\n<li style=\"font-weight: 400;\"><span style=\"font-weight: 400;\">To develop concrete strategies in nurturing resilience.<\/span><\/li>\n<li style=\"font-weight: 400;\">\u00a0<\/li>\n<\/ul>\n<p>Note: Participants receive Stepping Confidently into Professional Life by Making Suitable Decisions Workshop participation document after completion of the workshop.<\/p>\n\t\t<\/div>\n\t\t\t<\/div>\n\n\t\n\n\t<div id=\"col-1605035591\" class=\"col medium-3 small-12 large-3\"  >\n\t\t<div class=\"col-inner box-shadow-1\" style=\"background-color:rgb(255, 255, 255);\" >\n\t\t\t\n\t\t\t\n<p><b>Who Can Enrol?:\u00a0<\/b>Undergraduate and graduate students, recent graduates\u00a0<\/p>\n<p><strong>Duration:<\/strong> One Day\u00a0<\/p>\n<p><strong>Application Deadline:\u00a0<\/strong>You can apply until it is fully-booked<\/p>\n<p><strong>Location:<\/strong>\u00a0CAPS Education Office, Varyap Grand Tower A Blok D:11 Bat\u0131 Ata\u015fehir, \u0130stanbul<\/p>\n<p><strong>Inventories:<\/strong>\u00a0As We Begin, Mindsets, Who is in Control<\/p>\n<div>Please contact us for online dates of the programme.\u00a0<\/div>\n\t<div id=\"gap-776021708\" class=\"gap-element clearfix\" style=\"display:block; height:auto;\">\n\t\t\n<style>\n#gap-776021708 {\n  padding-top: 30px;\n}\n<\/style>\n\t<\/div>\n\t\n<a href=\"tel:02165149807\" target=\"_self\" class=\"button secondary lowercase expand\"  style=\"border-radius:6px;\">\n    <span>CALL<\/span>\n  <i class=\"icon-phone\" ><\/i><\/a>\n\n<a href=\"#bilgial\" target=\"_self\" class=\"button secondary expand\"  style=\"border-radius:6px;\">\n    <span>E-MAIL<\/span>\n  <i class=\"icon-envelop\" ><\/i><\/a>\n\n\t\t<\/div>\n\t\t\n<style>\n#col-1605035591 > .col-inner {\n  padding: 10px 10px 10px 10px;\n}\n<\/style>\n\t<\/div>\n\n\t\n<\/div>\n\t\t<\/div>\n\t\t\t<\/div>\n\n\t\n<\/div>\n\t\t<\/div>\n\n\t\t\n<style>\n#section_351319958 {\n  padding-top: 30px;\n  padding-bottom: 30px;\n  background-color: rgb(243, 243, 243);\n}\n<\/style>\n\t<\/section>\n\t\n<span class=\"scroll-to\" data-label=\"Scroll to: #bilgial\" data-bullet=\"false\" data-link=\"#bilgial\" data-title=\"bilgial\"><a name=\"bilgial\"><\/a><\/span>\n\t<section class=\"section\" id=\"section_638351765\">\n\t\t<div class=\"bg section-bg fill bg-fill  bg-loaded\" >\n\n\t\t\t\n\t\t\t\n\t\t\t\n\n\t\t<\/div>\n\n\t\t<div class=\"section-content relative\">\n\t\t\t\n<div class=\"row\"  id=\"row-613401029\">\n\n\t<div id=\"col-1776445075\" class=\"col small-12 large-12\"  >\n\t\t<div class=\"col-inner\"  >\n\t\t\t\n\t\t\t\n<h4>Questions and Comments<\/h4>\n<div>Please send your questions and comments about our workshops and trainings<\/div>\n<div><span style=\"font-weight: 400;\"><style type=\"text\/css\">.super-form-8403 > * {visibility:hidden;}<\/style><div id=\"super-form-8403\" style=\"margin:0px 0px 0px 0px;\" class=\"super-form super-form-8403 style-default super-field-size-large\" data-hide=\"true\" data-overlay=\"true\" data-field-size=\"large\"><form autocomplete=\"on\" enctype=\"multipart\/form-data\"><input type=\"hidden\" name=\"super_ajax_nonce\" value=\"8acded7193\" \/><input type=\"text\" name=\"super_hp\" size=\"25\" value=\"\" \/><div class=\"super-shortcode super-field super-hidden\"><input class=\"super-shortcode-field\" type=\"hidden\" value=\"8403\" name=\"hidden_form_id\" \/><\/div><div class=\"super-grid super-shortcode\"><div class=\"super-shortcode super_one_full super-column column-number-1 grid-level-0 first-column \"><div class=\"super-grid super-shortcode\"><div class=\"super-shortcode super_one_half super-column column-number-1 grid-level-1 first-column \"><div class=\"super-shortcode super-field super-text  super-ungrouped  \"><div class=\"super-field-wrapper \"><input class=\"super-shortcode-field\" type=\"text\" name=\"isim\" data-validation=\"empty\" data-email=\"\u0130sim:\" data-absolute-default=\"\" data-default-value=\"\" placeholder=\"Name:*\" \/><\/div><div class=\"super-error-msg\">Field is required!<\/div><div class=\"super-empty-error-msg\">Field is required!<\/div><\/div><\/div><div class=\"super-shortcode super_one_half super-column column-number-2 grid-level-1  \"><div class=\"super-shortcode super-field super-text  super-ungrouped  \"><div class=\"super-field-wrapper \"><input class=\"super-shortcode-field\" type=\"text\" name=\"soyisim\" data-validation=\"empty\" data-email=\"Soyisim:\" data-absolute-default=\"\" data-default-value=\"\" placeholder=\"Surname:*\" \/><\/div><div class=\"super-error-msg\">Field is required!<\/div><div class=\"super-empty-error-msg\">Field is required!<\/div><\/div><\/div><\/div><\/div><\/div><div class=\"super-grid super-shortcode\"><div class=\"super-shortcode super_one_full super-column column-number-1 grid-level-0 first-column \"><div class=\"super-shortcode super-field super-text  super-ungrouped  \"><div class=\"super-field-wrapper \"><input class=\"super-shortcode-field\" type=\"tel\" name=\"phonenumber\" data-validation=\"phone\" data-email=\"Telefon:\" data-absolute-default=\"\" data-default-value=\"\" placeholder=\"Phone Number:*\" \/><\/div><div class=\"super-error-msg\">Field is required!<\/div><div class=\"super-empty-error-msg\">Field is required!<\/div><\/div><div class=\"super-shortcode super-field super-text  super-ungrouped  \"><div class=\"super-field-wrapper \"><input class=\"super-shortcode-field\" type=\"tel\" name=\"field_xGQdI\" data-validation=\"email\" data-email=\"E-mail:\" data-absolute-default=\"\" data-default-value=\"\" placeholder=\"E-mail:*\" \/><\/div><div class=\"super-error-msg\">Field is required!<\/div><div class=\"super-empty-error-msg\">Field is required!<\/div><\/div><div class=\"super-shortcode super-field super-textarea  super-ungrouped  \"><div class=\"super-field-wrapper \"><textarea class=\"super-shortcode-field\" name=\"question\" data-validation=\"empty\" data-email=\"Mesaj\u0131n\u0131z:\" data-absolute-default=\"\" data-default-value=\"\" placeholder=\"Message:*\" ><\/textarea><\/div><div class=\"super-error-msg\">Field is required!<\/div><div class=\"super-empty-error-msg\">Field is required!<\/div><\/div><div class=\"super-shortcode super-field super-hidden super-filled  super-ungrouped   hidden\"><input class=\"super-shortcode-field\" type=\"hidden\" name=\"sayfa\" value=\"Stepping Confidently into Professional Life By Making Suitable Decisions - https:\/\/www.psg-caps.com\/student\/en\/stepping-confidently-into-professional-life-by-making-suitable-decisions\/\" data-default-value=\"Stepping Confidently into Professional Life By Making Suitable Decisions - https:\/\/www.psg-caps.com\/student\/en\/stepping-confidently-into-professional-life-by-making-suitable-decisions\/\" data-absolute-default=\"Stepping Confidently into Professional Life By Making Suitable Decisions - https:\/\/www.psg-caps.com\/student\/en\/stepping-confidently-into-professional-life-by-making-suitable-decisions\/\" data-email=\"Sayfa:\" \/><\/div><\/div><\/div><div data-color=\"#013c76\" data-light=\"#15508a\" data-dark=\"#001e58\" data-hover-color=\"#444444\" data-hover-light=\"#585858\" data-hover-dark=\"#262626\" data-font=\"#ffffff\" data-font-hover=\"#ffffff\" data-radius=\"square\" data-type=\"flat\" class=\"super-extra-shortcode super-shortcode super-field super-form-button super-clear-none super-button super-radius-square super-type-flat super-button-medium super-button-align-center super-button-width-auto\"><div data-href=\"\" class=\"super-button-wrap no_link\"><div class=\"super-button-name\" data-action=\"submit\" data-normal=\"Submit\" data-loading=\"Submitting...\">Submit<\/div><span class=\"super-after\"><\/span><\/div><\/div><\/form><span class=\"super-load-icon\"><\/span><\/div><\/span><\/div>\n\t\t<\/div>\n\t\t\t<\/div>\n\n\t\n<\/div>\n\t\t<\/div>\n\n\t\t\n<style>\n#section_638351765 {\n  padding-top: 30px;\n  padding-bottom: 30px;\n}\n<\/style>\n\t<\/section>\n\t\n\t<div id=\"gap-1822358984\" class=\"gap-element clearfix\" style=\"display:block; height:auto;\">\n\t\t\n<style>\n#gap-1822358984 {\n  padding-top: 34px;\n}\n<\/style>\n\t<\/div>\n\t\n<p>&nbsp;<\/p>\n","protected":false},"excerpt":{"rendered":"<p>&nbsp;<\/p>\n","protected":false},"author":7,"featured_media":0,"parent":0,"menu_order":0,"comment_status":"closed","ping_status":"closed","template":"page-blank.php","meta":[],"_links":{"self":[{"href":"https:\/\/www.psg-caps.com\/student\/wp-json\/wp\/v2\/pages\/8881"}],"collection":[{"href":"https:\/\/www.psg-caps.com\/student\/wp-json\/wp\/v2\/pages"}],"about":[{"href":"https:\/\/www.psg-caps.com\/student\/wp-json\/wp\/v2\/types\/page"}],"author":[{"embeddable":true,"href":"https:\/\/www.psg-caps.com\/student\/wp-json\/wp\/v2\/users\/7"}],"replies":[{"embeddable":true,"href":"https:\/\/www.psg-caps.com\/student\/wp-json\/wp\/v2\/comments?post=8881"}],"version-history":[{"count":3,"href":"https:\/\/www.psg-caps.com\/student\/wp-json\/wp\/v2\/pages\/8881\/revisions"}],"predecessor-version":[{"id":11014,"href":"https:\/\/www.psg-caps.com\/student\/wp-json\/wp\/v2\/pages\/8881\/revisions\/11014"}],"wp:attachment":[{"href":"https:\/\/www.psg-caps.com\/student\/wp-json\/wp\/v2\/media?parent=8881"}],"curies":[{"name":"wp","href":"https:\/\/api.w.org\/{rel}","templated":true}]}}